431
In base 16, what is -5 + 1ff6?
1ff1
In base 8, what is 7 + -134450?
-134441
In base 5, what is -41133 - -4?
-41124
In base 5, what is 233020 - 10?
233010
In base 14, what is 3 - 2554?
-2551
In base 9, what is 0 + -4633?
-4633
In base 9, what is -152 - 300?
-452
In base 13, what is -1 + -43678?
-43679
In base 5, what is 1 + -3113211?
-3113210
In base 4, what is 110301211 + -22?
110301123
In base 3, what is 2102 - 1000010111?
-1000001002
In base 6, what is -114 + -1252?
-1410
In base 10, what is 0 - -1228?
1228
In base 7, what is 300 + 2442?
3042
In base 8, what is -3 + -153661?
-153664
In base 12, what is b792 + -2?
b790
In base 6, what is -2120154 + 1?
-2120153
In base 10, what is -308740 + 0?
-308740
In base 3, what is -112002122 + 12?
-112002110
In base 5, what is -11 + -10431301?
-10431312
In base 9, what is -2 + 264140?
264137
In base 10, what is 232709 - -4?
232713
In base 11, what is 2767638 - 2?
2767636
In base 3, what is -22 + 100101222?
100101200
In base 16, what is 292f + -5?
292a
In base 3, what is -202 + -101111?
-102020
In base 5, what is -201 + -3430000?
-3430201
In base 7, what is 6 + 614?
623
In base 14, what is -4 + -31d53?
-31d57
In base 13, what is 10 - 4925?
-4915
In base 16, what is 10f0a + 8?
10f12
In base 11, what is -4 + -15047?
-15050
In base 7, what is -1321 - -540?
-451
In base 5, what is 44324 - -3403?
103232
In base 8, what is 3253 + 15?
3270
In base 8, what is -12023060 + 3?
-12023055
In base 12, what is -165 + b5?
-70
In base 9, what is -11803 + 57?
-11735
In base 10, what is 1086 - 61?
1025
In base 5, what is -3414 + -3103?
-12022
In base 13, what is -3 + -3bc58?
-3bc5b
In base 3, what is -2101121112111 + 0?
-2101121112111
In base 5, what is 2 - -241131112?
241131114
In base 4, what is -1331332321 + -1?
-1331332322
In base 10, what is 4 + -10546?
-10542
In base 3, what is 221 + -2112022010?
-2112021012
In base 2, what is -1100000001 - 10001111?
-1110010000
In base 7, what is 50623 - -346?
51302
In base 15, what is ce - 1ed?
-11e
In base 12, what is -9004 - 9?
-9011
In base 13, what is 6 + 29cb?
2a04
In base 11, what is 16360 + 41?
163a1
In base 8, what is 330452 - 1?
330451
In base 16, what is -65 + 726?
6c1
In base 11, what is 38 - -126?
163
In base 11, what is 196 - 950?
-765
In base 2, what is 1001000001 - -1001000011?
10010000100
In base 15, what is -12 + 90863?
90851
In base 6, what is 55 + 12314?
12413
In base 5, what is -120140 - 2302?
-122442
In base 5, what is 2 - 114002201?
-114002144
In base 2, what is 101010100010 + 10001?
101010110011
In base 16, what is b65c + -1?
b65b
In base 13, what is 259a - -2?
259c
In base 16, what is 1e049 - -3?
1e04c
In base 16, what is -baa + -1?
-bab
In base 7, what is 2340 - 2264?
43
In base 5, what is -3034 + 1044?
-1440
In base 12, what is -697 - -47?
-650
In base 3, what is -20020012 + -2111?
-20022200
In base 10, what is 165806 - 4?
165802
In base 6, what is -555011 + 0?
-555011
In base 8, what is -2 - 145063?
-145065
In base 16, what is -5 + 47d?
478
In base 5, what is -14 - 1232?
-1301
In base 2, what is 1100001011 + 11?
1100001110
In base 16, what is -c67c - 0?
-c67c
In base 13, what is 1b - ac4?
-aa6
In base 3, what is 122 + -21022?
-20200
In base 11, what is -3 - -2865?
2862
In base 6, what is -100 - -202440?
202340
In base 14, what is 9 - 22d9b?
-22d92
In base 16, what is -1402e - d?
-1403b
In base 10, what is 495 - 1609?
-1114
In base 10, what is 3 + -6965?
-6962
In base 2, what is -1000000010110100010 + 10?
-1000000010110100000
In base 11, what is 97 + 264?
350
In base 11, what is 1 - 83080?
-8307a
In base 14, what is 6 + -a33?
-a2b
In base 5, what is 12 + 431221?
431233
In base 4, what is -23301212 + 0?
-23301212
In base 7, what is 56354 + -13?
56341
In base 15, what is 15 + -6a9d?
-6a88
In base 14, what is -3a5 - 2259?
-2620
In base 2, what is -100011000111 - -111101100?
-11011011011
In base 11, what is -20 + -530a?
-532a
In base 11, what is -4169 - 1a?
-4188
In base 4, what is -2303020 - -303?
-2302111
In base 10, what is 760 - -3202?
3962
In base 6, what is -132442124 - 1?
-132442125
In base 5, what is 30304121 + -2?
30304114
In base 16, what is 5 - 169af?
-169aa
In base 12, what is -13 + -72780?
-72793
In base 2, what is -10100110 - 1000001001?
-1010101111
In base 6, what is -22050 - 1324?
-23414
In base 11, what is -52 + 5190?
5139
In base 14, what is 34 - -4a4a?
4a80
In base 16, what is -1 + 1594c0?
1594bf
In base 6, what is -343 - 41133?
-41520
In base 11, what is 103 - 2230?
-2128
In base 16, what is -1 - 31ce?
-31cf
In base 10, what is -7 - -13548?
13541
In base 8, what is 10 + 117321?
117331
In base 5, what is -2414 - 212302?
-220221
In base 9, what is 38012 - 52?
37850
In base 3, what is 120112 - 102120211?
-102000022
In base 12, what is -6695b + -3?
-66962
In base 8, what is 24 + -612?
-566
In base 10, what is 16205 + 5?
16210
In base 7, what is -2512 - 1233?
-4045
In base 11, what is 11 + 36a5?
3706
In base 6, what is 42 - -4320?
4402
In base 14, what is 2 - -ba82?
ba84
In base 7, what is -50130 + 12?
-50115
In base 8, what is -3632 - 106?
-3740
In base 9, what is -4 - 54477?
-54482
In base 4, what is -1033201102 + 10?
-1033201032
In base 7, what is -44224 + 44?
-44150
In base 11, what is -6 - 21702?
-21708
In base 14, what is -476a5 - 4?
-476a9
In base 11, what is 1683 - 7?
1677
In base 8, what is 140 - 43?
75
In base 6, what is 1342500 - -15?
1342515
In base 9, what is 7 - 775?
-767
In base 3, what is 1012 - -10112001?
10120020
In base 15, what is 4b - -3ba0?
3beb
In base 12, what is -11 + -56a5?
-56b6
In base 3, what is -20201 - 101011210?
-101102111
In base 12, what is -a + 3146?
3138
In base 4, what is -313 - 133220?
-200133
In base 13, what is 6 - 1058c6?
-1058c0
In base 8, what is -3274 - -26?
-3246
In base 15, what is 523 - -15?
538
In base 13, what is -214 - -169?
-78
In base 7, what is 13 + 321?
334
In base 9, what is 2276 + -11?
2265
In base 15, what is -2 - 95d8?
-95da
In base 10, what is 27 - -5781?
5808
In base 10, what is -238 - -9163?
8925
In base 11, what is 0 - -86a?
86a
In base 2, what is -101001101111000000 + 0?
-101001101111000000
In base 8, what is 4 + 164523?
164527
In base 7, what is -330362 + -1?
-330363
In base 9, what is 3361 - 204?
3156
In base 6, what is -1445 - -2223?
334
In base 7, what is -36456 - 6?
-36465
In base 3, what is 11 + -122020102?
-122020021
In base 2, what is 10 + -1100111001?
-1100110111
In base 4, what is -11302 + -1032?
-13000
In base 6, what is 252 - -140202?
140454
In base 9, what is -61 + -1707?
-1768
In base 7, what is 16 + 1104?
1123
In base 10, what is 598381 - 5?
598376
In base 12, what is 2 + -74397?
-74395
In base 15, what is -2501 - -1da?
-2316
In base 9, what is 4 - -132101?
132105
In base 6, what is 31243 - 3?
31240
In base 5, what is 10 - -43?
103
In base 16, what is -5729 - -8?
-5721
In base 3, what is -10010212 + 2110121?
-200021
In base 12, what is 2 + b16a1?
b16a3
In base 14, what is 8290 - -62?
8312
In base 4, what is 2 + -1002211?
-1002203
In base 7, what is 15 - -1220212?
1220230
In base 16, what is 15360 - 3?
1535d
In base 9, what is -5 + -104665?
-104671
In base 16, what is -573e0 - 0?
-573e0
In base 5, what is -134 - -10111?
4422
In base 13, what is -1 + -524?
-525
In base 12, what is -5284 + 5?
-527b
In base 11, what is 1a944 + -23?
1a921
In base 12, what is 3b55 - 11?
3b44
In base 8, what is 6 - 257447?
-257441
In base 12, what is -301b - 5?
-3024
In base 13, what is bc1 + 4?
bc5
In base 13, what is -5a - -22a3?
2246
In base 13, what is 1bb08 - 12?
1bac6
In base 6, what is -1132 + -250?
-1422
In base 6, what is -22 - -2031?
2005
In base 14, what is 2 - 14759?
-14757
In base 14, what is 98 + -394b?
-3893
In base 16, what is 35 - -1d3?
208
In base 3, what is 12 + 120011110?
120011122
In base 13, what is -3 + 1130c?
11309
In base 15, what is 5101 + 0?
5101
In base 6, what is 15414232 - -3?
15414235
In base 14, what is 1 - -792c1?
792c2
In base 4, what is 301200 + 1?
301201
In base 9, what is -286 - 855?
-1252
In base 8, what is -2211567 - -4?
-2211563
In base 15, what is -38 + -58d1?
-5919
In base 12, what is -48a - 24?
-4b2
In base 11, what is 37 - 924?
-898
In base 14, what is 541 + 31?
572
In base 9, what is 10752 + 11?
10763
In base 4, what is -3 - 11002211?
-1100